- 48. Let q be c(10). Let k = q - -368. What is the tens digit of k?
5
Let q(h) = 986*h**2 - 54*h + 110. What is the hundreds digit of q(2)?
9
Let c = 15 - 17. Let l be 2 - 128/(-4) - c. Suppose l*j = 38*j - 74. What is the units digit of j?
7
Let b be (-28)/9 - (-8)/72. What is the tens digit of (-2)/b*(-477)/(-2)?
5
Let f(l) = l + 14. Let s be f(-11). Suppose -4*b + 0*b = -s*m + 516, m - 5*b - 183 = 0. What is the units digit of m?
8
Suppose 5*k - 2 + 12 = 0. Let x(c) be the second derivative of c**4 - c**3/6 - 3*c. What is the tens digit of x(k)?
5
Let q(h) = -4*h - 3. Let y be q(-2). Let d = 2 + y. Suppose -5*m + 3*f - 13 = -4*m, 3*f - d = 4*m. What is the units digit of m?
2
Let g(x) = -x**3 - 4*x**2 + x + 6. Let h be g(-4). Suppose -l - 220 = -3*q + 81, h*l = -2. What is the units digit of q?
0
Let l = 324 - 218. What is the hundreds digit of l?
1
Suppose -6110 = -12*n + 4390. What is the units digit of n?
5
Let d(y) = -y**3 + 8*y**2 - 6*y - 6. Let l be d(7). Suppose -2*u = -4*u - 6. What is the units digit of 5 + l*3/u?
4
Let u = -6 - -8. Suppose -3*k + 6 = 0, u*t + 3 - 19 = -4*k. Let f = t + 17. What is the tens digit of f?
2
Suppose -5*d - 21 = -261. Let b = 182 - d. What is the tens digit of b?
3
Suppose 4*d - 8518 = 5*v, 21*d - 2*v - 6385 = 18*d. What is the units digit of d?
7
Let q(h) = 3*h**2 - 19*h + 8. Let x be q(14). Let b = x - 207. What is the tens digit of b?
2
Suppose -3*x + x = -4*d - 134, -3*d + 148 = 2*x. Let n = x - -6. What is the tens digit of n?
7
Let r = 533 - -12. What is the tens digit of r?
4
Let l(u) = -1088*u - 657. What is the hundreds digit of l(-5)?
7
Let h(z) = -z**3 + 3*z**2 + 3*z - 4. Let p be h(3). Suppose 235 = p*l + 25. What is the tens digit of l?
4
Suppose 0 = -z + 3*p + 155 + 147, 3*p + 918 = 3*z. What is the units digit of z?
8
Let o be 7 + 2 - (-8 + 8). What is the units digit of ((-40)/(-6) - 1)*o?
1
Let h be ((-6)/(-4))/(15/40). Let n = 21 - 21. Suppose h*o + o + 3*s = 120, n = o - 4*s - 1. What is the tens digit of o?
2
Let o(w) = -1002*w**3 + 2*w**2 - 12*w - 13. What is the tens digit of o(-1)?
0
Let d(n) = -n**3 + 13*n**2 + 4. Let m be d(13). Suppose 18 = 2*x + m*x. What is the units digit of x?
3
Suppose c - 1 = -d, -2*d + 0*d + 3 = 3*c. Let k be c/(0 + -1)*28. Let q = 98 + k. What is the units digit of q?
0
Let l = -2 - -10. Let h(w) = -21*w + 15*w - l + 0. What is the units digit of h(-7)?
4
Let m(s) = s + 11. Let o be m(-6). Suppose -o*u - c - 61 = 0, 4*c - 2*c = 3*u + 34. Let k = 43 + u. What is the tens digit of k?
3
Let j(t) = -t**3 - 25*t**2 - 39*t - 346. What is the units digit of j(-27)?
5
Let v = 246 + -35. What is the units digit of v?
1
Suppose 0 = 2*w - 3*t - 1240, w + 9*t = 5*t + 631. What is the tens digit of w?
2
Let n = 41 - -40. Suppose 2*b - n = -b. Suppose 2*k = b + 37. What is the units digit of k?
2
Let u be (-3)/4 - 9/(-12). Suppose 2*r - 4*r + 30 = u. What is the tens digit of r?
1
Let t(i) = 13*i - 34. Let c = -75 - -82. What is the units digit of t(c)?
7
Let h(k) = k**3 + 5*k**2 - 8*k - 6. Let f be (-124)/8 - 2/4. Let w = f - -10. What is the units digit of h(w)?
6
Let t = 60 + -43. Suppose -12*p - 780 = -t*p. What is the units digit of p?
6
Let u(i) = i + 5. Let j be u(4). Let g = j + -7. Suppose -2*o = -24 - g. What is the tens digit of o?
1
Suppose 3*c - 3*n = -0*c, -5*c - 3*n = -32. Suppose v + 695 = z + c*z, v - 271 = -2*z. What is the tens digit of z?
3
Let a be (5/(30/(-9)))/((-2)/28). Suppose -11*y - a = -12*y. What is the tens digit of y?
2
Suppose -5*u + 4*u + 8 = 0. Suppose -4*t + 934 = 3*c, -u = c - 6. What is the tens digit of t?
3
Let j(f) = 6*f**3 - 4*f**2 + 4*f - 4. Let z(w) = w**3 - 4*w**2 - 6*w + 7. Let v be z(5). What is the tens digit of j(v)?
3
Let q = 18 - 17. Let t be 2 - (q + 0)*0. Suppose 17 = t*g - g. What is the tens digit of g?
1
Let u be -3 + 2 + 15/(-5). Let w(m) = -71*m - 2. What is the tens digit of w(u)?
8
Suppose a - 236 = -5*q, a + 4*q - 236 = 6*q. What is the hundreds digit of a?
2
Suppose 3*d + 0 = z + 4, 5*d + 5*z = 20. Let v(l) = 55 + 0*l**2 - d*l**2 - 2*l**3 + l + 3*l**3. What is the tens digit of v(0)?
5
Suppose -9 - 19 = -7*y. Let z(d) = 25*d - 4. What is the units digit of z(y)?
6
Let v(s) = s**2 - 6*s + 46. Let y be (-261)/(-18) - 1/(-2). What is the hundreds digit of v(y)?
1
Let i be -6*(8/3 + -3). What is the units digit of (i/10)/((-3)/(-15))?
1
Suppose -15*h = -7375 - 2885. What is the units digit of h?
4
Let x be (144/(-1))/((-9)/24). Suppose 0 = -5*y + 4*j + x, 4*j - 1 - 15 = 0. What is the units digit of y?
0
Suppose 17*f + 138 = 19*f. Suppose -4*y = i - 5*y - 116, y = 4*i - 467. Let s = i - f. What is the units digit of s?
8
Suppose 3*k + 5*u - 500 = 0, -k + 207 - 59 = -3*u. Suppose 0 = -10*d + 50 + 10. Suppose b - d*b + k = 0. What is the units digit of b?
2
Let v be (-3370)/(-22) + -2 - (-22)/(-121). Suppose -v = -5*p + 449. What is the hundreds digit of p?
1
Suppose 0 = 32*l - 31*l - 4. Suppose 2*w = 7*w - l*n - 215, -208 = -4*w - 4*n. What is the units digit of w?
7
What is the tens digit of 45*(5 - 80/(-15))?
6
Let w(g) = 13*g**3 + 3*g - 6. What is the hundreds digit of w(2)?
1
Let i be 2 - (-1944)/(4 + 0). Suppose -13*b = -5*b - i. What is the tens digit of b?
6
Suppose 3*t + 4*b - 2330 = 0, -t + b - 4*b + 785 = 0. What is the units digit of t?
0
Suppose -3*a - 2*x + 728 = 129, 0 = -5*a + 2*x + 977. Let r = a + -83. What is the tens digit of r?
1
Suppose -13*k + 9*k - 16 = 0. Let j(w) = -9*w + 6. What is the tens digit of j(k)?
4
Let b be (5 - 34/6)*-108. Let s = b - -159. What is the tens digit of s?
3
Let c = -188 + 303. What is the hundreds digit of c?
1
Let t = 16 - 10. Suppose g - 28 = -t. Suppose -q + g + 5 = -3*l, q - 27 = -2*l. What is the tens digit of q?
2
Suppose -j = o + 3*j + 15, 4*j + 9 = o. What is the units digit of 87 + (-6 - -3) - o?
7
What is the hundreds digit of 1/(-12) + 14692/48?
3
Let d(m) = 6 + 30*m + 25*m**2 + 5 - 21*m**2. What is the tens digit of d(-12)?
2
Let f = -9 - -11. Suppose -6*d + f*d + 256 = 0. What is the tens digit of d?
6
Suppose d + 47 = -0*d. Suppose -5*y - 14 = 5*n + 146, y + 4*n = -47. Let m = y - d. What is the units digit of m?
0
Suppose -19*k = -22*k + 3. What is the tens digit of 10 + -11 + 168 + -2*k?
6
Let d be (-2)/(-6)*(-4 + 7). Suppose -x + d = -1. Suppose -3*a = -x*a + 4, -4*z + 32 = -2*a. What is the units digit of z?
6
Suppose -16956 = -652*c + 640*c. What is the thousands digit of c?
1
Suppose -9 = -9*x + 6*x. Suppose -3*y - o = -5*o - 28, 32 = x*y - 5*o. Suppose 5*s = 0, -k + 0*s - y*s = -18. What is the tens digit of k?
1
Suppose -2*x + 4*x = 0. Suppose x*v = -4*v + 404. Suppose -52 = -2*i + 2*w, 5*w = -2*i + 6*i - v. What is the tens digit of i?
2
Suppose -5*m + 3*o - 4*o + 1596 = 0, -2*o = -2*m + 648. Let d = m + -187. What is the tens digit of d?
3
Let v be 387/6 + 2/4. Suppose -18*n + 13*n = -v. Suppose 5*q - 2 = n. What is the units digit of q?
3
Let p(m) = -5*m - 26. Suppose 4*k = -5*w - 67, k + 0*k - w + 10 = 0. What is the tens digit of p(k)?
3
Let q = -120 - -210. Suppose -3*d = -8*d - q. What is the units digit of (-4)/d - 1252/(-36)?
5
Suppose w - 2 + 1 = 0. Let h be 4*14/4*w. What is the tens digit of 4/h + (-180)/(-7)?
2
Let c(k) = k**2 - 8*k + 12. Let q be c(6). Suppose -5*o = -2*t + 344, 4*t - 660 = -q*t - 4*o. What is the units digit of t?
7
Let a(c) = c + 2. Let y = 108 - 76. Let q be (-2)/(-8)*y/4. What is the units digit of a(q)?
4
Suppose -m - 204 = -3*j + 132, 2*j = m + 225. Suppose -4*z + 128 - 38 = 3*l, 3*l = 3*z + j. What is the units digit of l?
4
What is the tens digit of (-8528)/(-52)*5/4?
0
Let a(p) = -p**3 - 11*p**2 + 7*p - 1. Let r(n) = -12*n**2 + 8*n. Let s(z) = -2*a(z) + 3*r(z). What is the tens digit of s(7)?
7
Suppose -26*o + 137 = -5817. What is the hundreds digit of o?
2
Let q(j) = -159*j**3 - j**2 - j - 1. Let c be q(-1). Suppose -3*m - r = -454, -5*m + r + c = -4*m. What is the tens digit of m?
5
Let k = 19 - 53. Let y = 18 - k. What is the units digit of y?
2
Let n(w) = w**3 + 9*w**2 - 11*w - 10. Let x be n(-10). Suppose 2*q - 4*b - 136 = x, -3*q = -5*b - 63 - 139. What is the units digit of q?
4
Suppose -143 + 513 = 3*j - s, j = 4*s + 127. Let i = j + -45. Suppose 5*y - 353 = -i. What is the units digit of